{"id":1870,"date":"2017-09-21T12:12:39","date_gmt":"2017-09-21T10:12:39","guid":{"rendered":"https:\/\/www.andbank.com\/mcco\/analisis-de-mercados\/opinion-corporativa\/"},"modified":"2022-11-10T19:38:16","modified_gmt":"2022-11-10T17:38:16","slug":"corporate-opinion","status":"publish","type":"page","link":"https:\/\/pre.andbank.com\/monaco\/analyse-de-marches\/corporate-opinion\/","title":{"rendered":"Corporate opinion"},"content":{"rendered":"<h2>Corporate opinion<\/h2>\n<p class=\"subtitle title7\" style=\"text-align: center\">Andbank publie chaque mois un rapport pr\u00e9sentant son opinion sur les perspectives \u00e9conomiques et les march\u00e9s financiers. D\u00e9couvrez l\u2019opinion d\u2019Andbank avec notre chef \u00e9conomiste, \u00c0lex Fust\u00e9.<\/p>\n","protected":false},"excerpt":{"rendered":"<p>Andbank publie chaque mois un rapport qui contient l\u2019opinion de l\u2019entit\u00e9 sur les perspectives de l\u2019\u00e9conomie et les march\u00e9s financiers aux niveaux local et mondial. D\u00e9couvrez l\u2019opinion d\u2019Andbank avec notre chef \u00e9conomiste, \u00c0lex Fust\u00e9.<\/p>\n","protected":false},"author":18,"featured_media":0,"parent":1414,"menu_order":4,"comment_status":"closed","ping_status":"closed","template":"template-market-blog.php","meta":{"footnotes":""},"yst_prominent_words":[438],"class_list":["post-1870","page","type-page","status-publish","hentry"],"acf":[],"_links":{"self":[{"href":"https:\/\/pre.andbank.com\/monaco\/wp-json\/wp\/v2\/pages\/1870"}],"collection":[{"href":"https:\/\/pre.andbank.com\/monaco\/wp-json\/wp\/v2\/pages"}],"about":[{"href":"https:\/\/pre.andbank.com\/monaco\/wp-json\/wp\/v2\/types\/page"}],"author":[{"embeddable":true,"href":"https:\/\/pre.andbank.com\/monaco\/wp-json\/wp\/v2\/users\/18"}],"replies":[{"embeddable":true,"href":"https:\/\/pre.andbank.com\/monaco\/wp-json\/wp\/v2\/comments?post=1870"}],"version-history":[{"count":6,"href":"https:\/\/pre.andbank.com\/monaco\/wp-json\/wp\/v2\/pages\/1870\/revisions"}],"predecessor-version":[{"id":6901,"href":"https:\/\/pre.andbank.com\/monaco\/wp-json\/wp\/v2\/pages\/1870\/revisions\/6901"}],"up":[{"embeddable":true,"href":"https:\/\/pre.andbank.com\/monaco\/wp-json\/wp\/v2\/pages\/1414"}],"wp:attachment":[{"href":"https:\/\/pre.andbank.com\/monaco\/wp-json\/wp\/v2\/media?parent=1870"}],"wp:term":[{"taxonomy":"yst_prominent_words","embeddable":true,"href":"https:\/\/pre.andbank.com\/monaco\/wp-json\/wp\/v2\/yst_prominent_words?post=1870"}],"curies":[{"name":"wp","href":"https:\/\/api.w.org\/{rel}","templated":true}]}}