{"id":2280,"date":"2018-01-17T11:49:16","date_gmt":"2018-01-17T09:49:16","guid":{"rendered":"https:\/\/www.andbank.com\/lxb\/?page_id=2280"},"modified":"2024-05-09T13:42:16","modified_gmt":"2024-05-09T11:42:16","slug":"information-sur-societe","status":"publish","type":"page","link":"https:\/\/pre.andbank.com\/luxembourg\/qui-sommes-nous\/information-sur-societe\/","title":{"rendered":"Information sur la soci\u00e9t\u00e9"},"content":{"rendered":"<h2>Andbank Luxembourg S.A<\/h2>\n<p>&nbsp;<\/p>\n<p><strong>Si\u00e8ge Social<\/strong><\/p>\n<p>4,rue Jean Monnet, L-2180 Luxembourg, Grand-Duch\u00e9 Luxembourg<\/p>\n<p>&nbsp;<\/p>\n<p><strong>Conseil\u00a0 d\u2019Administration:<\/strong><\/p>\n<ul>\n<li>Pablo Garc\u00eda Monta\u00f1\u00e9s \u2013 Pr\u00e9sident<\/li>\n<li>Ricard Rodr\u00edguez Fern\u00e1ndez \u2013 Administrateur d\u00e9l\u00e9gu\u00e9<\/li>\n<li>Jos\u00e9 Manuel Mora-Figueroa \u2013 Independent Director<\/li>\n<li>Jos\u00e9 Luis Mu\u00f1oz Lasuen \u2013 Administrateur<\/li>\n<li>Gerard Estrada Ventura \u2013 Administrateur<\/li>\n<li>Josep Xavier Casanovas Arasa &#8211; Administrateur<\/li>\n<\/ul>\n<p>&nbsp;<\/p>\n<p>Immatricul\u00e9e aupr\u00e8s du Registre de Commerce et de Soci\u00e9t\u00e9s de Luxembourg sous le n\u00ba B150131.<\/p>\n<p>Etablissement de cr\u00e9dit autoris\u00e9 et surveill\u00e9 par la commission de surveillance financier (CSSF), 283, route d\u2019Arlon, L-1150\u00a0 Luxembourg.<\/p>\n<p>Swift\/BIC\u00a0: BACALULL<\/p>\n","protected":false},"excerpt":{"rendered":"<p>Conna\u00eetre la structure de gouvernance d&rsquo;Andbank Luxembourg.<\/p>\n","protected":false},"author":13,"featured_media":2286,"parent":1205,"menu_order":4,"comment_status":"closed","ping_status":"closed","template":"template-detail.php","meta":{"footnotes":""},"yst_prominent_words":[185,184],"class_list":["post-2280","page","type-page","status-publish","has-post-thumbnail","hentry"],"acf":[],"_links":{"self":[{"href":"https:\/\/pre.andbank.com\/luxembourg\/wp-json\/wp\/v2\/pages\/2280"}],"collection":[{"href":"https:\/\/pre.andbank.com\/luxembourg\/wp-json\/wp\/v2\/pages"}],"about":[{"href":"https:\/\/pre.andbank.com\/luxembourg\/wp-json\/wp\/v2\/types\/page"}],"author":[{"embeddable":true,"href":"https:\/\/pre.andbank.com\/luxembourg\/wp-json\/wp\/v2\/users\/13"}],"replies":[{"embeddable":true,"href":"https:\/\/pre.andbank.com\/luxembourg\/wp-json\/wp\/v2\/comments?post=2280"}],"version-history":[{"count":5,"href":"https:\/\/pre.andbank.com\/luxembourg\/wp-json\/wp\/v2\/pages\/2280\/revisions"}],"predecessor-version":[{"id":14878,"href":"https:\/\/pre.andbank.com\/luxembourg\/wp-json\/wp\/v2\/pages\/2280\/revisions\/14878"}],"up":[{"embeddable":true,"href":"https:\/\/pre.andbank.com\/luxembourg\/wp-json\/wp\/v2\/pages\/1205"}],"wp:featuredmedia":[{"embeddable":true,"href":"https:\/\/pre.andbank.com\/luxembourg\/wp-json\/wp\/v2\/media\/2286"}],"wp:attachment":[{"href":"https:\/\/pre.andbank.com\/luxembourg\/wp-json\/wp\/v2\/media?parent=2280"}],"wp:term":[{"taxonomy":"yst_prominent_words","embeddable":true,"href":"https:\/\/pre.andbank.com\/luxembourg\/wp-json\/wp\/v2\/yst_prominent_words?post=2280"}],"curies":[{"name":"wp","href":"https:\/\/api.w.org\/{rel}","templated":true}]}}