{"id":12120,"date":"2021-03-31T16:51:05","date_gmt":"2021-03-31T14:51:05","guid":{"rendered":"https:\/\/www.andbank.com\/luxembourg\/?page_id=12120"},"modified":"2021-04-13T22:24:57","modified_gmt":"2021-04-13T20:24:57","slug":"andbank-wealth","status":"publish","type":"page","link":"https:\/\/pre.andbank.com\/luxembourg\/banque-privee\/andbank-wealth\/","title":{"rendered":"Andbank Wealth"},"content":{"rendered":"<p>&nbsp;<\/p>\n<p>&nbsp;<\/p>\n<div class=\"row\">\n<div class=\"col-xs-12 col-ms-8\">\n<p>&nbsp;<\/p>\n<h2>Acc\u00e8s s\u00e9curis\u00e9<\/h2>\n<h3>Vous seul pourrez donc acc\u00e9der \u00e0 l&rsquo;application <strong>Andbank Wealth<\/strong> gr\u00e2ce \u00e0 la reconnaissance digitale ou faciale.<\/h3>\n<\/div>\n<div class=\"col-xs-12 col-ms-4\"><img loading=\"lazy\" decoding=\"async\" class=\"aligncenter size-full wp-image-8441\" src=\"https:\/\/www.andbank.com\/andorra\/wp-content\/uploads\/sites\/10\/2018\/10\/scr_dact_es.jpg\" alt=\"\" width=\"275\" height=\"275\" \/><\/div>\n<\/div>\n<p>&nbsp;<\/p>\n<div class=\"row\">\n<div class=\"col-xs-12 col-ms-4\"><img loading=\"lazy\" decoding=\"async\" class=\"aligncenter size-full wp-image-8445\" src=\"https:\/\/www.andbank.com\/andorra\/wp-content\/uploads\/sites\/10\/2018\/10\/scr_global.jpg\" alt=\"\" width=\"275\" height=\"275\" \/><\/div>\n<div class=\"col-xs-12 col-ms-8\">\n<p>&nbsp;<\/p>\n<h2>Position globale<\/h2>\n<h3>Visualisez votre position globale consolid\u00e9e, acc\u00e9dez au d\u00e9tail de chaque actif d\u00e9tenu en portefeuille et consultez son rendement.<\/h3>\n<\/div>\n<\/div>\n<p>&nbsp;<\/p>\n<div class=\"row\">\n<div class=\"col-xs-12 col-ms-8\">\n<p>&nbsp;<\/p>\n<h2>Information financi\u00e8re<\/h2>\n<h3>Vous pourrez conna\u00eetre en avant-premi\u00e8re les derni\u00e8res actualit\u00e9s les plus pertinentes ainsi que la s\u00e9lection des investissements retenus par nos experts.<\/h3>\n<\/div>\n<div class=\"col-xs-12 col-ms-4\"><img loading=\"lazy\" decoding=\"async\" class=\"aligncenter size-full wp-image-8433\" src=\"https:\/\/www.andbank.com\/andorra\/wp-content\/uploads\/sites\/10\/2018\/10\/scr_actualitat.jpg\" alt=\"\" width=\"275\" height=\"275\" \/><\/div>\n<\/div>\n<p>&nbsp;<\/p>\n<div class=\"row\">\n<div class=\"col-xs-12 col-ms-4\"><img loading=\"lazy\" decoding=\"async\" class=\"aligncenter size-full wp-image-8445\" src=\"https:\/\/www.andbank.com\/andorra\/wp-content\/uploads\/sites\/10\/2018\/10\/transfe_esp.jpg\" alt=\"\" width=\"275\" height=\"275\" \/><\/div>\n<div class=\"col-xs-12 col-ms-8\">\n<h2>Cartes<\/h2>\n<h3>Suivez et contr\u00f4lez toutes les op\u00e9rations effectu\u00e9es avec l&rsquo;une de vos cartes, vous pouvez les verrouiller ou les d\u00e9verrouiller selon vos besoins.<\/h3>\n<\/div>\n<\/div>\n<p>&nbsp;<\/p>\n<div style=\"text-align: center\"><a class=\"main-button\" href=\"https:\/\/www.andbank.com\/andorra\/wp-content\/uploads\/sites\/10\/2018\/10\/llibretAPP_A5_fr-1.pdf\" target=\"_blank\" rel=\"noopener\">PLUS D&rsquo;INFORMATION<\/a><\/div>\n<p>&nbsp;<\/p>\n<hr \/>\n<div class=\"row\">\n<div class=\"col-xs-12 col-ms-6\" align=\"right\"><a href=\"https:\/\/itunes.apple.com\/fr\/app\/andbank-wealth\/id1362073804?mt=8\" target=\"_blank\" rel=\"noopener\"><img decoding=\"async\" src=\"https:\/\/www.andbank.com\/andorra\/wp-content\/uploads\/sites\/10\/2018\/10\/appstore-1.png\" alt=\"Disponible a App Store\" \/><\/a><\/div>\n<div class=\"col-xs-12 col-ms-6\" align=\"left\"><a href=\"https:\/\/play.google.com\/store\/apps\/details?hl=fr&amp;id=com.andbank.wealth\" target=\"_blank\" rel=\"noopener\"><img decoding=\"async\" src=\"https:\/\/www.andbank.com\/andorra\/wp-content\/uploads\/sites\/10\/2018\/10\/google_play.png\" alt=\"Disponible a Google Play\" \/><\/a><\/div>\n<\/div>\n","protected":false},"excerpt":{"rendered":"<p>&nbsp; &nbsp; &nbsp; Acc\u00e8s s\u00e9curis\u00e9 Vous seul pourrez donc acc\u00e9der \u00e0 l&rsquo;application Andbank Wealth gr\u00e2ce \u00e0 la reconnaissance digitale ou faciale. &nbsp; &nbsp; Position globale Visualisez votre position globale consolid\u00e9e, acc\u00e9dez au d\u00e9tail de chaque actif d\u00e9tenu en portefeuille et consultez son rendement. &nbsp; &nbsp; Information financi\u00e8re Vous pourrez conna\u00eetre en avant-premi\u00e8re les derni\u00e8res actualit\u00e9s [&hellip;]<\/p>\n","protected":false},"author":28,"featured_media":12125,"parent":1184,"menu_order":0,"comment_status":"closed","ping_status":"closed","template":"","meta":{"footnotes":""},"yst_prominent_words":[2097,2094,2133,2130],"class_list":["post-12120","page","type-page","status-publish","has-post-thumbnail","hentry"],"acf":[],"_links":{"self":[{"href":"https:\/\/pre.andbank.com\/luxembourg\/wp-json\/wp\/v2\/pages\/12120"}],"collection":[{"href":"https:\/\/pre.andbank.com\/luxembourg\/wp-json\/wp\/v2\/pages"}],"about":[{"href":"https:\/\/pre.andbank.com\/luxembourg\/wp-json\/wp\/v2\/types\/page"}],"author":[{"embeddable":true,"href":"https:\/\/pre.andbank.com\/luxembourg\/wp-json\/wp\/v2\/users\/28"}],"replies":[{"embeddable":true,"href":"https:\/\/pre.andbank.com\/luxembourg\/wp-json\/wp\/v2\/comments?post=12120"}],"version-history":[{"count":0,"href":"https:\/\/pre.andbank.com\/luxembourg\/wp-json\/wp\/v2\/pages\/12120\/revisions"}],"up":[{"embeddable":true,"href":"https:\/\/pre.andbank.com\/luxembourg\/wp-json\/wp\/v2\/pages\/1184"}],"wp:featuredmedia":[{"embeddable":true,"href":"https:\/\/pre.andbank.com\/luxembourg\/wp-json\/wp\/v2\/media\/12125"}],"wp:attachment":[{"href":"https:\/\/pre.andbank.com\/luxembourg\/wp-json\/wp\/v2\/media?parent=12120"}],"wp:term":[{"taxonomy":"yst_prominent_words","embeddable":true,"href":"https:\/\/pre.andbank.com\/luxembourg\/wp-json\/wp\/v2\/yst_prominent_words?post=12120"}],"curies":[{"name":"wp","href":"https:\/\/api.w.org\/{rel}","templated":true}]}}