{"id":550,"date":"2017-04-20T18:07:44","date_gmt":"2017-04-20T16:07:44","guid":{"rendered":"https:\/\/www.andbank.com\/brasil\/?page_id=550\/"},"modified":"2021-09-21T01:18:10","modified_gmt":"2021-09-20T20:18:10","slug":"renda-variavel","status":"publish","type":"page","link":"https:\/\/pre.andbank.com\/brasil\/solucoes-de-investimentos\/renda-variavel\/","title":{"rendered":"Renda Vari\u00e1vel"},"content":{"rendered":"<p>Ativos que possuem rentabilidade que n\u00e3o pode ser pr\u00e9-definida, essa \u00e9 uma das defini\u00e7\u00f5es de Renda Vari\u00e1vel. A\u00e7\u00f5es, que s\u00e3o um dos principais ativos dessa classe de investimentos, possuem rendimentos totalmente imprevis\u00edveis.<\/p>\n<p>&nbsp;<\/p>\n<p>Existem v\u00e1rios tipos de ativos, e mesmo sendo ativos bem diferentes,\u00a0todos possuem algo em comum:\u00a0 todos s\u00e3o negociados na bolsa de valores.<\/p>\n<p>&nbsp;<\/p>\n<p>Voc\u00ea pode investir em a\u00e7\u00f5es, comprando as mesmas, mas tamb\u00e9m pode comprar op\u00e7\u00f5es de algum ativo, ou at\u00e9 mesmo investir no futuro de alguma semente, como a soja e o milho, por exemplo.\u00a0 At\u00e9 em ouro \u00e9 poss\u00edvel investir, tanto atrav\u00e9s de contratos futuro, quanto na compra do ativo de fato.<\/p>\n<p>&nbsp;<\/p>\n<p>Os mais conhecidos e negociados costumam ser:<\/p>\n<p>&nbsp;<\/p>\n<ul>\n<li>A\u00e7\u00f5es<\/li>\n<li>Fundos Imobili\u00e1rios<\/li>\n<li>ETF<\/li>\n<li>Op\u00e7\u00f5es<\/li>\n<li>Commodities<\/li>\n<li>Moedas\u00a0(d\u00f3lar, euro, libras)<\/li>\n<li>Metais preciosos\u00a0(Ouro, prata)<\/li>\n<\/ul>\n<p>&nbsp;<\/p>\n<p><span style=\"background-color: #ffffff\">Para saber mais sobre essa classe de ativos e como o Andbank opera no mercado brasileiro e internacional, consulte o menu ao lado ou entre em contato com o seu assessor.<\/span><\/p>\n<p>&nbsp;<\/p>\n<p>Al\u00e9m do atendimento feito pelo assessor, h\u00e1 o atendimento realizado pela Mesa de Opera\u00e7\u00f5es atrav\u00e9s do telefone (11) 3014-2790 e do e-mail <a href=\"mailto:ordens.rendavariavel@andbank.com.br\">ordens.rendavariavel@andbank.com.br<\/a>.<\/p>\n<p>&nbsp;<\/p>\n","protected":false},"excerpt":{"rendered":"<p>Ativos que possuem rentabilidade que n\u00e3o pode ser pr\u00e9-definida, essa \u00e9 uma das defini\u00e7\u00f5es de Renda Vari\u00e1vel. A\u00e7\u00f5es, que s\u00e3o um dos principais ativos dessa classe de investimentos, possuem rendimentos totalmente imprevis\u00edveis. &nbsp; Existem v\u00e1rios tipos de ativos, e mesmo sendo ativos bem diferentes,\u00a0todos possuem algo em comum:\u00a0 todos s\u00e3o negociados na bolsa de valores. [&hellip;]<\/p>\n","protected":false},"author":1,"featured_media":658,"parent":542,"menu_order":22,"comment_status":"closed","ping_status":"closed","template":"template-detail.php","meta":{"footnotes":""},"yst_prominent_words":[280,169,2186,2641,2185,59,2183,208,1314,1198,2180,2182,415,2184,2155,202,2181,686,2143,283],"class_list":["post-550","page","type-page","status-publish","has-post-thumbnail","hentry"],"acf":[],"_links":{"self":[{"href":"https:\/\/pre.andbank.com\/brasil\/wp-json\/wp\/v2\/pages\/550"}],"collection":[{"href":"https:\/\/pre.andbank.com\/brasil\/wp-json\/wp\/v2\/pages"}],"about":[{"href":"https:\/\/pre.andbank.com\/brasil\/wp-json\/wp\/v2\/types\/page"}],"author":[{"embeddable":true,"href":"https:\/\/pre.andbank.com\/brasil\/wp-json\/wp\/v2\/users\/1"}],"replies":[{"embeddable":true,"href":"https:\/\/pre.andbank.com\/brasil\/wp-json\/wp\/v2\/comments?post=550"}],"version-history":[{"count":0,"href":"https:\/\/pre.andbank.com\/brasil\/wp-json\/wp\/v2\/pages\/550\/revisions"}],"up":[{"embeddable":true,"href":"https:\/\/pre.andbank.com\/brasil\/wp-json\/wp\/v2\/pages\/542"}],"wp:featuredmedia":[{"embeddable":true,"href":"https:\/\/pre.andbank.com\/brasil\/wp-json\/wp\/v2\/media\/658"}],"wp:attachment":[{"href":"https:\/\/pre.andbank.com\/brasil\/wp-json\/wp\/v2\/media?parent=550"}],"wp:term":[{"taxonomy":"yst_prominent_words","embeddable":true,"href":"https:\/\/pre.andbank.com\/brasil\/wp-json\/wp\/v2\/yst_prominent_words?post=550"}],"curies":[{"name":"wp","href":"https:\/\/api.w.org\/{rel}","templated":true}]}}