{"id":537,"date":"2017-04-20T18:00:12","date_gmt":"2017-04-20T16:00:12","guid":{"rendered":"https:\/\/www.andbank.com\/brasil\/?page_id=537\/"},"modified":"2017-08-08T12:40:12","modified_gmt":"2017-08-08T07:40:12","slug":"personal-banking","status":"publish","type":"page","link":"https:\/\/pre.andbank.com\/brasil\/private-banking\/personal-banking\/","title":{"rendered":"Personal Banking"},"content":{"rendered":"<p>Clientes Personal Banking tem assessoria integral para a tomada de decis\u00f5es sobre seus investimentos, al\u00e9m do acesso completo \u00e0 plataforma digital de solu\u00e7\u00f5es financeiras do Andbank. Ao fazer parte desta categoria, os clientes tamb\u00e9m contam com a flexibilidade para criar investimentos customizados de acordo com o seu perfil e suas necessidades, e assim aproveitarem melhor as oportunidades mais rent\u00e1veis para investir.<\/p>\n<p>Para este segmento existem 3 modelos de relacionamento:<\/p>\n<ul>\n<li><strong>Cust\u00f3dia<\/strong><\/li>\n<\/ul>\n<p>Ideal para investidores com mais experi\u00eancia que desejam o acesso \u00e0s ferramentas que o Andbank pode proporcionar. Nele, o cliente realiza seus pr\u00f3prios investimentos via internet banking.<\/p>\n<ul>\n<li><strong>Aconselhamento financeiro<\/strong><\/li>\n<\/ul>\n<p>Este \u00e9 um modelo de gest\u00e3o compartilhada, em que o Andbank oferece recomenda\u00e7\u00f5es de investimentos para a carteira do cliente e a decis\u00e3o fica a cargo do investidor.<\/p>\n<ul>\n<li><strong>Gest\u00e3o discricion\u00e1ria<\/strong><\/li>\n<\/ul>\n<p>Aconselhado para investidores que desejam delegar o gerenciamento de seus ativos ao Andbank, no qual o banco fica respons\u00e1vel pelas decis\u00f5es de investimentos, executando as transa\u00e7\u00f5es mais rent\u00e1veis de acordo com o perfil do cliente.<\/p>\n<p>Para mais detalhes\u00a0<a href=\"https:\/\/www.andbank.com\/brasil\/contato\/\">entre em contato com o Andbank<\/a>.<\/p>\n","protected":false},"excerpt":{"rendered":"<p>Conte com assesoria financeira especializada para orientar voc\u00ea a fazer sempre os melhores investimentos.<\/p>\n","protected":false},"author":1,"featured_media":637,"parent":532,"menu_order":21,"comment_status":"closed","ping_status":"closed","template":"template-detail.php","meta":{"footnotes":""},"yst_prominent_words":[246,555,553,65,163,545,206,557,551,63,419,208,549,547,244,247,552,554,556,245],"class_list":["post-537","page","type-page","status-publish","has-post-thumbnail","hentry"],"acf":[],"_links":{"self":[{"href":"https:\/\/pre.andbank.com\/brasil\/wp-json\/wp\/v2\/pages\/537"}],"collection":[{"href":"https:\/\/pre.andbank.com\/brasil\/wp-json\/wp\/v2\/pages"}],"about":[{"href":"https:\/\/pre.andbank.com\/brasil\/wp-json\/wp\/v2\/types\/page"}],"author":[{"embeddable":true,"href":"https:\/\/pre.andbank.com\/brasil\/wp-json\/wp\/v2\/users\/1"}],"replies":[{"embeddable":true,"href":"https:\/\/pre.andbank.com\/brasil\/wp-json\/wp\/v2\/comments?post=537"}],"version-history":[{"count":0,"href":"https:\/\/pre.andbank.com\/brasil\/wp-json\/wp\/v2\/pages\/537\/revisions"}],"up":[{"embeddable":true,"href":"https:\/\/pre.andbank.com\/brasil\/wp-json\/wp\/v2\/pages\/532"}],"wp:featuredmedia":[{"embeddable":true,"href":"https:\/\/pre.andbank.com\/brasil\/wp-json\/wp\/v2\/media\/637"}],"wp:attachment":[{"href":"https:\/\/pre.andbank.com\/brasil\/wp-json\/wp\/v2\/media?parent=537"}],"wp:term":[{"taxonomy":"yst_prominent_words","embeddable":true,"href":"https:\/\/pre.andbank.com\/brasil\/wp-json\/wp\/v2\/yst_prominent_words?post=537"}],"curies":[{"name":"wp","href":"https:\/\/api.w.org\/{rel}","templated":true}]}}