{"id":536,"date":"2017-04-20T17:59:59","date_gmt":"2017-04-20T15:59:59","guid":{"rendered":"https:\/\/www.andbank.com\/brasil\/?page_id=536\/"},"modified":"2017-08-08T12:40:50","modified_gmt":"2017-08-08T07:40:50","slug":"executiveinvestors","status":"publish","type":"page","link":"https:\/\/pre.andbank.com\/brasil\/private-banking\/executiveinvestors\/","title":{"rendered":"Executive Investors"},"content":{"rendered":"<p>Ideal para quem deseja autonomia para decidir quais os melhores investimentos para seus ativos, o Andbank oferece uma plataforma digital completa para que os clientes tenham acesso \u00e0 produtos financeiros selecionados pela equipe de estrategistas de investimento e possam realizar a autogest\u00e3o dos seus investimentos.<\/p>\n<p>Para esse segmento, o modelo de relacionamento aplicado \u00e9 denominado cust\u00f3dia, no qual o cliente realiza seus pr\u00f3prios investimentos via internet banking. Ele \u00e9 aconselhado para investidores com mais experi\u00eancia e que desejam apenas acesso \u00e0 ferramentas que o Andbank pode proporcionar.<\/p>\n<p>Para mais detalhes\u00a0<a href=\"https:\/\/www.andbank.com\/brasil\/contato\/\">entre em contato com o Andbank<\/a>.<\/p>\n","protected":false},"excerpt":{"rendered":"<p>Para investores individuais que querem autonomia para controlar seus investimentos digitalmente.<\/p>\n","protected":false},"author":1,"featured_media":260,"parent":532,"menu_order":19,"comment_status":"closed","ping_status":"closed","template":"template-detail.php","meta":{"footnotes":""},"yst_prominent_words":[246,243,65,206,244,247,245],"class_list":["post-536","page","type-page","status-publish","has-post-thumbnail","hentry"],"acf":[],"_links":{"self":[{"href":"https:\/\/pre.andbank.com\/brasil\/wp-json\/wp\/v2\/pages\/536"}],"collection":[{"href":"https:\/\/pre.andbank.com\/brasil\/wp-json\/wp\/v2\/pages"}],"about":[{"href":"https:\/\/pre.andbank.com\/brasil\/wp-json\/wp\/v2\/types\/page"}],"author":[{"embeddable":true,"href":"https:\/\/pre.andbank.com\/brasil\/wp-json\/wp\/v2\/users\/1"}],"replies":[{"embeddable":true,"href":"https:\/\/pre.andbank.com\/brasil\/wp-json\/wp\/v2\/comments?post=536"}],"version-history":[{"count":0,"href":"https:\/\/pre.andbank.com\/brasil\/wp-json\/wp\/v2\/pages\/536\/revisions"}],"up":[{"embeddable":true,"href":"https:\/\/pre.andbank.com\/brasil\/wp-json\/wp\/v2\/pages\/532"}],"wp:featuredmedia":[{"embeddable":true,"href":"https:\/\/pre.andbank.com\/brasil\/wp-json\/wp\/v2\/media\/260"}],"wp:attachment":[{"href":"https:\/\/pre.andbank.com\/brasil\/wp-json\/wp\/v2\/media?parent=536"}],"wp:term":[{"taxonomy":"yst_prominent_words","embeddable":true,"href":"https:\/\/pre.andbank.com\/brasil\/wp-json\/wp\/v2\/yst_prominent_words?post=536"}],"curies":[{"name":"wp","href":"https:\/\/api.w.org\/{rel}","templated":true}]}}