{"id":535,"date":"2017-04-19T17:57:45","date_gmt":"2017-04-19T15:57:45","guid":{"rendered":"https:\/\/www.andbank.com\/andorra\/?page_id=535\/"},"modified":"2019-11-06T18:02:54","modified_gmt":"2019-11-06T16:02:54","slug":"poliza-de-credito","status":"publish","type":"page","link":"https:\/\/pre.andbank.com\/andorra\/empresas\/financiacion\/poliza-de-credito\/","title":{"rendered":"P\u00f3liza de cr\u00e9dito"},"content":{"rendered":"<h2>Ventajas de la p\u00f3liza de cr\u00e9dito:<\/h2>\n<ol>\n<li>Pago de intereses solo por la cantidad dispuesta.<\/li>\n<li>Por su condici\u00f3n de cuenta corriente, le permite canalizar las operaciones habituales de su empresa.<\/li>\n<li>Consulta del saldo utilizado por Internet a trav\u00e9s de e-andbank empresas.<\/li>\n<\/ol>\n","protected":false},"excerpt":{"rendered":"<p>La p\u00f3liza de cr\u00e9dito es un cr\u00e9dito en cuenta corriente que le permitir\u00e1 financiar el capital circulante de forma m\u00e1s flexible.<\/p>\n","protected":false},"author":1,"featured_media":768,"parent":528,"menu_order":77,"comment_status":"closed","ping_status":"closed","template":"template-detail.php","meta":{"footnotes":""},"yst_prominent_words":[],"class_list":["post-535","page","type-page","status-publish","has-post-thumbnail","hentry"],"acf":[],"_links":{"self":[{"href":"https:\/\/pre.andbank.com\/andorra\/wp-json\/wp\/v2\/pages\/535"}],"collection":[{"href":"https:\/\/pre.andbank.com\/andorra\/wp-json\/wp\/v2\/pages"}],"about":[{"href":"https:\/\/pre.andbank.com\/andorra\/wp-json\/wp\/v2\/types\/page"}],"author":[{"embeddable":true,"href":"https:\/\/pre.andbank.com\/andorra\/wp-json\/wp\/v2\/users\/1"}],"replies":[{"embeddable":true,"href":"https:\/\/pre.andbank.com\/andorra\/wp-json\/wp\/v2\/comments?post=535"}],"version-history":[{"count":0,"href":"https:\/\/pre.andbank.com\/andorra\/wp-json\/wp\/v2\/pages\/535\/revisions"}],"up":[{"embeddable":true,"href":"https:\/\/pre.andbank.com\/andorra\/wp-json\/wp\/v2\/pages\/528"}],"wp:featuredmedia":[{"embeddable":true,"href":"https:\/\/pre.andbank.com\/andorra\/wp-json\/wp\/v2\/media\/768"}],"wp:attachment":[{"href":"https:\/\/pre.andbank.com\/andorra\/wp-json\/wp\/v2\/media?parent=535"}],"wp:term":[{"taxonomy":"yst_prominent_words","embeddable":true,"href":"https:\/\/pre.andbank.com\/andorra\/wp-json\/wp\/v2\/yst_prominent_words?post=535"}],"curies":[{"name":"wp","href":"https:\/\/api.w.org\/{rel}","templated":true}]}}