{"id":484,"date":"2017-04-19T16:57:41","date_gmt":"2017-04-19T14:57:41","guid":{"rendered":"https:\/\/www.andbank.com\/andorra\/?page_id=484\/"},"modified":"2019-10-22T13:06:55","modified_gmt":"2019-10-22T11:06:55","slug":"cuenta-joven","status":"publish","type":"page","link":"https:\/\/pre.andbank.com\/andorra\/particulares\/cuentas-y-tarjetas\/cuenta-joven\/","title":{"rendered":"Compte Amic"},"content":{"rendered":"<h3><em>Compte Amic<\/em> \u2013 La cuenta de los expertos en crecimiento<\/h3>\n<p><em>Compte Amic<\/em> es una cuenta corriente pensada para los m\u00e1s j\u00f3venes de la casa en la que podr\u00e1n ir ingresando sus ahorros con grandes ventajas y obsequios<\/p>\n<p>&nbsp;<\/p>\n<h4>Caracter\u00edsticas de la cuenta<\/h4>\n<p>\u2022 De 0 a 18 a\u00f1os<br \/>\n\u2022 Cuenta totalmente gratuita, sin comisiones de apertura, de mantenimiento o de inactividad<br \/>\n\u2022 Cuenta corriente remunerada al 0,10 %<br \/>\n\u2022 Disponibilidad de efectivo inmediato y sin penalizaci\u00f3n<br \/>\n\u2022 Posibilidad de una tarjeta Visa Electron de Andbank gratuita para los j\u00f3venes de m\u00e1s de 14 a\u00f1os<\/p>\n<p>&nbsp;<\/p>\n<p><em>Compte Amic<\/em> tiene como protagonistas dos hermanos, Can\u00f2lich y Cerni, sus amigos, Anna y Esteve, y su mascota Roc. A trav\u00e9s de estos personajes, creados por la artista Pilar\u00edn Bay\u00e9s, ni\u00f1as y ni\u00f1os se sentir\u00e1n identificados con los personajes y los peque\u00f1os aprender\u00e1n a familiarizarse con sus ahorros.<\/p>\n<p>Abra una cuenta\u00a0<em>Compte Amic<\/em> y recoja el obsequio de bienvenida para su hijo.<\/p>\n<p>&nbsp;<\/p>\n<h5>Condiciones particulares:<\/h5>\n<p>\u2022 Campa\u00f1a dirigida a los residentes de Andorra en general.<br \/>\n\u2022 El titular de la cuenta ha de ser un \u00fanico menor de 18 a\u00f1os con, como m\u00ednimo, un tutor responsable de la operativa como apoderado.<br \/>\n\u2022 Remuneraci\u00f3n de la cuenta corriente con un tipo de inter\u00e9s del 0,10 % con liquidaci\u00f3n trimestral, seg\u00fan condiciones vigentes y revisable anualmente. Rendimiento sujeto a efectos de IRPF.<br \/>\n\u2022 Posibilidad de cancelaci\u00f3n de la cuenta.<br \/>\n\u2022 A partir de los 18 a\u00f1os del titular, la modalidad del contrato <em>Compte Amic<\/em> cambia a cuenta corriente tradicional.<br \/>\n\u2022 Para la apertura de la cuenta es necesario un documento de identificaci\u00f3n del titular y del\/de los apoderado\/s, as\u00ed como la justificaci\u00f3n del origen de los fondos.<br \/>\n\u2022 El obsequio de bienvenida va en relaci\u00f3n con la edad del menor y sujeto a existencias.<br \/>\n\u2022 El valor del obsequio no es canjeable en efectivo.<br \/>\n\u2022 Posibilidad de contrataci\u00f3n de productos no complejos.<br \/>\n\u2022 La cuenta no admite domiciliaciones ni descuentos de efectos, no puede endeudarse ni puede ser utilizada para dar garant\u00edas propias o a terceros.<\/p>\n","protected":false},"excerpt":{"rendered":"<p>Los mejores servicios en su cuenta joven.<\/p>\n","protected":false},"author":1,"featured_media":7410,"parent":480,"menu_order":174,"comment_status":"closed","ping_status":"closed","template":"template-detail.php","meta":{"footnotes":""},"yst_prominent_words":[1970,1963,1967,1961,1969,1972,1960,1957,329,1962,1958,1971,1968,1966,1973,323,1959,1975,1964,1965],"class_list":["post-484","page","type-page","status-publish","has-post-thumbnail","hentry"],"acf":[],"_links":{"self":[{"href":"https:\/\/pre.andbank.com\/andorra\/wp-json\/wp\/v2\/pages\/484"}],"collection":[{"href":"https:\/\/pre.andbank.com\/andorra\/wp-json\/wp\/v2\/pages"}],"about":[{"href":"https:\/\/pre.andbank.com\/andorra\/wp-json\/wp\/v2\/types\/page"}],"author":[{"embeddable":true,"href":"https:\/\/pre.andbank.com\/andorra\/wp-json\/wp\/v2\/users\/1"}],"replies":[{"embeddable":true,"href":"https:\/\/pre.andbank.com\/andorra\/wp-json\/wp\/v2\/comments?post=484"}],"version-history":[{"count":0,"href":"https:\/\/pre.andbank.com\/andorra\/wp-json\/wp\/v2\/pages\/484\/revisions"}],"up":[{"embeddable":true,"href":"https:\/\/pre.andbank.com\/andorra\/wp-json\/wp\/v2\/pages\/480"}],"wp:featuredmedia":[{"embeddable":true,"href":"https:\/\/pre.andbank.com\/andorra\/wp-json\/wp\/v2\/media\/7410"}],"wp:attachment":[{"href":"https:\/\/pre.andbank.com\/andorra\/wp-json\/wp\/v2\/media?parent=484"}],"wp:term":[{"taxonomy":"yst_prominent_words","embeddable":true,"href":"https:\/\/pre.andbank.com\/andorra\/wp-json\/wp\/v2\/yst_prominent_words?post=484"}],"curies":[{"name":"wp","href":"https:\/\/api.w.org\/{rel}","templated":true}]}}